culate the greatest common factor of 78 and 883675.
13
Calculate the greatest common divisor of 180011 and 60327293.
2951
Calculate the greatest common factor of 8433 and 105461224.
937
Calculate the greatest common divisor of 14628520 and 2061.
229
What is the greatest common divisor of 86 and 865986030?
86
What is the highest common divisor of 395 and 2158535?
5
Calculate the highest common divisor of 1564561904 and 16.
16
Calculate the greatest common factor of 473440 and 63215.
1345
Calculate the highest common divisor of 9192131 and 1082.
541
Calculate the greatest common divisor of 7192086 and 19074.
66
Calculate the greatest common factor of 19569315 and 1090.
545
What is the highest common factor of 21592899 and 59449?
269
What is the highest common factor of 494 and 7999228?
38
Calculate the highest common divisor of 2642360 and 6440.
280
Calculate the highest common factor of 1615 and 972995.
85
What is the highest common factor of 1330946 and 9118?
94
What is the greatest common factor of 6783 and 108591?
21
Calculate the greatest common divisor of 58682049 and 590.
59
What is the highest common factor of 33323 and 8871008?
709
Calculate the greatest common divisor of 11986 and 91514954.
922
What is the greatest common factor of 7015360 and 2112?
704
What is the greatest common factor of 693823 and 11554?
53
Calculate the greatest common divisor of 646 and 4668268.
34
What is the highest common factor of 5073135 and 45?
15
Calculate the highest common factor of 1969786 and 2054.
2054
What is the highest common factor of 161920 and 79486?
22
Calculate the greatest common divisor of 15738 and 768.
6
What is the greatest common divisor of 64949 and 125297?
107
What is the highest common divisor of 1417 and 125450?
13
Calculate the greatest common factor of 69144495 and 1050.
105
Calculate the highest common divisor of 833 and 60036809.
833
What is the greatest common divisor of 215 and 2849524?
43
What is the greatest common divisor of 41 and 221786261?
41
Calculate the highest common factor of 586160 and 130016.
272
What is the highest common factor of 572 and 4950231?
143
Calculate the highest common divisor of 1330 and 11583635.
665
Calculate the highest common factor of 81990678 and 6892.
3446
Calculate the greatest common divisor of 87828482 and 882.
98
What is the greatest common divisor of 148912 and 1732?
4
What is the greatest common factor of 228935 and 801815?
1085
Calculate the highest common divisor of 22539365 and 323.
17
What is the highest common factor of 13812 and 180?
12
What is the greatest common factor of 144 and 6960852?
36
What is the greatest common factor of 8841 and 22?
1
What is the highest common factor of 7072 and 1823120?
208
What is the greatest common factor of 102200 and 6977705?
2555
What is the highest common factor of 878687 and 938100?
3127
Calculate the greatest common divisor of 113290604 and 12446.
1778
Calculate the greatest common divisor of 25014590 and 8695.
185
Calculate the greatest common factor of 81128396 and 3247.
191
What is the greatest common factor of 1343906 and 606?
202
Calculate the greatest common factor of 35943539 and 62.
31
What is the greatest common factor of 62374 and 1391?
13
Calculate the highest common factor of 5988 and 52488.
12
Calculate the greatest common divisor of 12764752 and 4144.
112
Calculate the highest common factor of 894 and 3444135.
447
Calculate the highest common divisor of 1532 and 50792694.
766
Calculate the highest common divisor of 3346448 and 560.
112
What is the greatest common factor of 42 and 785213786?
14
What is the highest common factor of 80670 and 44010?
30
Calculate the greatest common factor of 2890 and 97887190.
2890
Calculate the highest common factor of 488510212 and 321.
107
Calculate the highest common divisor of 1232914752 and 48.
48
What is the greatest common divisor of 512 and 135032?
8
What is the greatest common divisor of 744 and 122502669?
93
Calculate the greatest common divisor of 1452 and 5887992.
132
Calculate the greatest common factor of 2198340 and 2140.
20
Calculate the highest common factor of 43528380 and 467565.
6405
Calculate the greatest common factor of 29864547 and 72.
9
Calculate the highest common factor of 24 and 89891040.
24
Calculate the highest common factor of 69680 and 967480.
2680
What is the greatest common divisor of 6960 and 137403856?
464
What is the greatest common divisor of 11060533 and 55?
11
Calculate the highest common factor of 4214 and 7119161.
49
What is the highest common factor of 1476 and 3527312?
164
Calculate the highest common divisor of 19342 and 11096.
38
Calculate the greatest common factor of 3179710 and 40.
10
Calculate the greatest common divisor of 8760948 and 56.
28
Calculate the greatest common factor of 1017471 and 84.
21
Calculate the greatest common factor of 236474295 and 35.
5
What is the greatest common divisor of 3384 and 1723264776?
3384
What is the greatest common factor of 1426617 and 3223?
293
What is the highest common divisor of 759790 and 290?
10
Calculate the highest common divisor of 227675395 and 295.
295
What is the highest common factor of 72737 and 161?
7
What is the highest common factor of 12630802 and 18154?
626
What is the greatest common factor of 41904828 and 1008?
252
What is the greatest common factor of 16798771 and 5729?
17
Calculate the highest common factor of 59774556 and 697.
41
What is the greatest common divisor of 788416 and 101854?
254
Calculate the highest common divisor of 21688821 and 1617.
1617
What is the greatest common divisor of 36 and 5290804?
4
What is the greatest common divisor of 3942659 and 202379?
439
Calculate the highest common factor of 2374240 and 655.
5
What is the highest common factor of 250876208 and 3056?
3056
Calculate the highest common factor of 7401240 and 712.
712
Calculate the highest common factor of 1731681 and 259.
7
Calculate the highest common divisor of 870 and 1057340.
290
What is the highest common divisor of 71 and 6917?
1
What is the highest common factor of 22089952 and 96?
32
Calculate the highest common divisor of 1405 and 150236369.
281
What is the highest common divisor of 2852725 and 1484?
53
What is the greatest common factor of 18086784 and 703?
703
What is the greatest common divisor of 777456 and 1872?
144
What is the highest common factor of 1157 and 87120053?
89
What is the greatest common factor of 238 and 50664556?
34
Calculate the greatest common factor of 9608 and 344662980.
4804
Calculate the highest common factor of 5328 and 163008.
144
What is the greatest common divisor of 4757 and 1167382?
71
Calculate the greatest common factor of 19357284 and 516.
12
Calculate the greatest common factor of 956846 and 39974.
506
What is the greatest common divisor of 45 and 138668535?
45
What is the greatest common divisor of 731 and 131858171?
17
Calculate the highest common factor of 425327 and 28.
7
What is the greatest common divisor of 3054 and 26679235?
509
Calculate the highest common divisor of 14254781 and 3.
1
Calculate the highest common divisor of 71 and 32956283.
71
What is the highest common divisor of 25226559 and 162?
81
Calculate the highest common factor of 13146 and 29306190.
1878
What is the greatest common factor of 5719565 and 136?
17
What is the greatest common factor of 199530 and 26190?
270
What is the greatest common factor of 4099037 and 470580?
713
What is the highest common factor of 90698596 and 18710?
3742
What is the highest common factor of 198 and 30052?
22
What is the greatest common factor of 60707650 and 10410?
3470
What is the greatest common factor of 5185170 and 595?
85
Calculate the highest common divisor of 36 and 509202702.
18
Calculate the highest common factor of 48936158 and 1286.
1286
Calculate the highest common factor of 10783 and 2441429.
263
Calculate the highest common factor of 867 and 32070908.
289
Calculate the greatest common divisor of 54 and 710202.
6
Calculate the greatest common divisor of 1211 and 92050.
7
Calculate the greatest common divisor of 8062435 and 3190.
145
Calculate the greatest common divisor of 29591 and 494426.
233
What is the greatest common factor of 25583328 and 422?
422
Calculate the greatest common factor o